 -q. Suppose 0 = -5*j - 3*w + 303, -272 = -6*j + x*j + 5*w. What is the remainder when j is divided by 16?
15
Let h(z) = z**2 - 6*z + 9. Calculate the remainder when 774/2*29/261 is divided by h(6).
7
Let u(j) = j**2 - 13*j - 10. Let m be u(14). Let x(b) = -b**3 + 7*b**2 - 10*b. What is the remainder when (-4 + 1)*(3 + -16) is divided by x(m)?
7
Let j = -198 - -257. Calculate the remainder when j is divided by 16.
11
Let k be 6 + (0/(-2))/(-1). Let x(s) = 2 + 7 - 6*s**2 + s + s**3 + 4 - 7. Calculate the remainder when 46 is divided by x(k).
10
Suppose -s - 2*d = -2*s + 10, -33 = -4*s + d. Let m = 20 - 9. Let q = m - s. What is the remainder when 14 is divided by q?
2
Let t(i) = i**2 - 20*i + 111. Calculate the remainder when 59 is divided by t(6).
5
Suppose 22 = -5*b - 4*h + 72, 11 = b + h. Suppose 5*t - 25 = 0, 0 = 5*w + 5*t - 47 - 43. What is the remainder when w is divided by 30/9 - 2/b?
1
Let g(f) = -f**2 - 7*f - 5. Suppose 4*t + t + 2*x = 16, 2*t - 5*x = -11. What is the remainder when g(-5) is divided by t?
1
Suppose -22 - 50 = -4*o. Suppose 10*f = 67 + 623. What is the remainder when f is divided by o?
15
Let p = -169 - -185. Calculate the remainder when 103 is divided by p.
7
Let m = 295 + -281. Calculate the remainder when m is divided by 5.
4
Let m = 50 + 20. Let z = m + -34. What is the remainder when z is divided by 19?
17
Let u(h) = 36*h**3 - h. Suppose q - 4 = 5*q. Let r be u(q). Let f = r + 56. Calculate the remainder when f is divided by 12.
9
Suppose 4*s - 116 = -2*h, -36*h + 3*s - 56 = -37*h. What is the remainder when h is divided by 0 + -2*(-35)/2?
27
Suppose 5*l + 5*m = 7*l - 71, 4*l + 3*m = 129. What is the remainder when 137 is divided by l?
5
Suppose -735 = -13*m + 305. What is the remainder when 227 is divided by m?
67
Let p be ((-4)/6)/(4/18). Let w = p - -5. Suppose -5*u + 115 = 3*d, w*d = d - 3*u + 45. Calculate the remainder when 58 is divided by d.
28
Let h = 824 + -777. What is the remainder when h is divided by 14?
5
Let h be (-7930)/(-221) - (-2)/17. Suppose -6*m = -5*m - h. Calculate the remainder when m is divided by 22.
14
Let d(a) = 31*a + 11. Calculate the remainder when d(3) is divided by (-1)/1 + (-6)/(-3) + 20.
20
Suppose -62 + 17 = 5*i. Let d = i - -28. What is the remainder when d is divided by 8?
3
Let d(c) = 2*c**3 - 11*c**2 - 6*c + 4. Let f be d(6). Suppose 2*v + 5*o = 61, -f*v + 6*v + 4*o = 64. What is the remainder when 113 is divided by v?
37
Let s = -41 - -16. Calculate the remainder when 106 is divided by 1*(-680)/s - (-1)/(-5).
25
Let d = 528 + -490. Calculate the remainder when 110 is divided by d.
34
Suppose 0 = -0*j + j - 9. Suppose -j*w = -8*w - 5. Suppose 5*i - 42 = -3*g, -3*i - 70 = -0*g - w*g. Calculate the remainder when 37 is divided by g.
9
Let p be 0/1 - (3 + -5). Calculate the remainder when p/8 - (-594)/24 is divided by -1*(5/2 + -3)*26.
12
Calculate the remainder when 129 is divided by ((-28)/35)/(2/(-65)).
25
Let z(j) = 2*j + j + 21 - 5*j + 3*j. Calculate the remainder when 62 is divided by z(-8).
10
Let n(c) = 2*c**3 - 3*c**2 - 3*c - 10. Let s be n(5). Calculate the remainder when (s + 0)*1/3 is divided by 18.
14
Let x(d) = 39*d + 899. Calculate the remainder when x(-20) is divided by 18.
11
Let n(f) = f**2 + 3*f + 4. Let k be n(-3). Suppose 0*m + k = 4*m. Suppose -9 = -b - m. What is the remainder when 31 is divided by b?
7
Let p = 344 - 280. Calculate the remainder when p is divided by 29.
6
What is the remainder when 68 is divided by 21/5 + (16 - 1053/65)?
0
What is the remainder when 221 is divided by -4 + 1 - -44 - -4?
41
What is the remainder when 16/(-6)*(-26934)/268 is divided by 45?
43
Let p(f) = -5*f - 18. Calculate the remainder when 103 is divided by p(-9).
22
Suppose -29*p + 1383 = -502. Let m(u) = 22*u. Calculate the remainder when p is divided by m(1).
21
Let y = 143 - 91. What is the remainder when y is divided by 25?
2
Suppose 31*k + 22*k - 172 = 10*k. What is the remainder when k is divided by 4 - (-1)/((-1)/2)?
0
What is the remainder when (-2*1)/(-1*18/819) is divided by 26?
13
Let c(f) = -12*f + 311. What is the remainder when 61 is divided by c(24)?
15
Let y = 838 + -718. Calculate the remainder when y is divided by 22.
10
Let g(j) = j**3 - 3*j**2 + 3*j + 11. Calculate the remainder when 48 is divided by g(3).
8
Let a(u) = -u**3 - 6*u**2 - 4*u - 3. Let p be a(-7). Suppose y - 23 = 5*w - 112, -4*w - 2*y + p = 0. Calculate the remainder when 106 is divided by w.
16
Suppose 5*y + 2*y = 0. Suppose 5*z - 268 = 2*s, -z + 6*z + 2*s - 252 = y. What is the remainder when z is divided by 11?
8
Let k = -23 - -40. Suppose u - 10 = -5. Suppose -2*r + u*r - 201 = 0. Calculate the remainder when r is divided by k.
16
Let x(b) = 16*b**3 + b**2 - b. Let l be x(1). Let t = l - 9. Suppose -7*j + 4*j - 12 = -3*d, -5*d + 21 = -4*j. Calculate the remainder when t is divided by d.
2
Suppose 0 = -0*p - p - 4*h - 71, -5*p - 4*h - 275 = 0. Let i = p - -153. Calculate the remainder when i is divided by 13.
11
Let r(u) = -u**2 - 20*u + 10. Suppose -3*k + 43 = -4*b - 0*b, b = -k + 26. Calculate the remainder when r(-7) is divided by k.
17
Suppose -x + 49 + 29 = 0. Calculate the remainder when x is divided by 32/(-176) - ((-1196)/(-22))/(-2).
24
Suppose -7*l = 5*l - 1152. What is the remainder when l is divided by 29?
9
Let p = 71 + 243. What is the remainder when p is divided by 7?
6
Let c(b) = 9*b**2 - 2*b - 1. Let m = -12 - -13. Calculate the remainder when 17 is divided by c(m).
5
Suppose 0 = -s + 15 + 16. Calculate the remainder when s is divided by (-48)/(-2)*89/267.
7
Let a(f) = f**3 - 5*f**2 + 8*f + 6. Let p = -49 + 55. What is the remainder when a(p) is divided by 23?
21
Let c be (-3)/((-72)/(-16)) - (-14)/3. Suppose -8*v - n = -3*v - 55, c*n = -2*v + 4. Calculate the remainder when v is divided by 10.
2
Let o(v) = 2*v**2 + 3*v - 4. Suppose -3*b = 1 - 13. Let g be o(b). Suppose 6*r - r - g = 0. Calculate the remainder when 23 is divided by r.
7
Suppose 3*a = 97 + 23. Suppose -4*x - 2*m + 7 = -21, 4*x + 5*m = a. Suppose -5 = -x*p + 10. Calculate the remainder when 10 is divided by p.
1
Let a(m) = 47*m**2 + 5*m - 5. Let t be a(1). Let n = 11 + t. What is the remainder when n is divided by 12?
10
Let q(h) = 6 + 3*h - 1 - 23 + h**2 - 17. Calculate the remainder when q(6) is divided by 4.
3
Let c(s) = 2*s**2 - 1 + s**3 + 2*s - 3*s**2 - 3*s**3. Let z be c(-2). Suppose -z*o - 55 = -12*o. What is the remainder when 42 is divided by o?
9
Let t be 4/(-8) - 9/6. Let j = t - 1. Let n(k) = -12*k - 3. Calculate the remainder when 131 is divided by n(j).
32
Suppose 24*c = 20*c - 84. Let t = c + 24. Suppose -t*z = z - 76. Calculate the remainder when 74 is divided by z.
17
Suppose 3*a + 342 = -3*a. Let s = 90 + a. Suppose t = 4*b + 1, -5*t + 2*b + 65 = -3*b. What is the remainder when s is divided by t?
16
Let y(g) = g**3 + 18*g**2 + 15*g + 34. Calculate the remainder when 271 is divided by y(-17).
67
Let y be (-278)/(-3)*(-12)/(-8). Suppose -3*p = -y - 11. Let k = -31 + p. What is the remainder when 37 is divided by k?
18
Suppose 0 = i + 4*i - 115. Suppose 7 = b + 1. Let k = b - -7. What is the remainder when i is divided by k?
10
Let c = 17 - 12. Suppose c*n = -v + 31, v = 3*n - 5*n + 16. Calculate the remainder when 21/(-4 + (-2 - -7)) is divided by v.
3
Suppose -l = 12*q - 7*q - 14, 4*l = 3*q + 102. Calculate the remainder when 12/(-8)*264/(-9) is divided by l.
20
Let z(p) = p + 6. Let t(x) = 4*x - 17. Let f be t(5). Suppose f*s = -2*k + 55, 5*k + 5 = 2*s - 0*k. Calculate the remainder when s is divided by z(0).
3
Let y(j) = -15*j - 497. What is the remainder when y(-44) is divided by 91?
72
Suppose -5*v = -4*z, 0 = v + 2*v - 12. Suppose 3*n = -d + 3*d - 22, -z*d = -5*n - 45. Suppose -d*g = -50 - 15. Calculate the remainder when 48 is divided by g.
9
Let k(l) = 34 + 2*l - l - 40 + 4*l**2. Calculate the remainder when k(3) is divided by 20.
13
Let g(f) = f**3 - 7*f**2 + 7*f + 6. Suppose 3*o - 5*m + 4*m - 88 = 0, 4*o + 2*m = 104. Let k = 18 + o. What is the remainder when k is divided by g(6)?
10
Suppose 2*i - 2*t - 34 = 0, 6 = -i + 5*t + 31. Calculate the remainder when i is divided by ((-2)/10)/((-68)/1360).
3
Let o be 15/3 + 0 + -3. Suppose 0*a + 2*a - o = 0. What is the remainder 